(-3)/(-4)). Let d = y + 294. Suppose -141*u + 2191 + 1334 = 0. What is the greatest common divisor of u and d?
25
Let p be (-4)/3*90/(-60). Let f be 15/(p*1 - 750/390). What is the highest common divisor of 105 and f?
15
Let w = 530 + -509. Suppose 0 = l - 3*o + o - w, -l = -3*o - 24. Let j(i) = i**2 + 8*i - 3. Let p be j(-9). Calculate the highest common divisor of l and p.
3
Suppose -p - 13*d = -15*d - 1550, 4*p = 3*d + 6165. What is the highest common factor of 15 and p?
3
Let w = -16 + 64. Suppose 0 = 38*r + 145*r - 35136. What is the highest common factor of r and w?
48
Suppose -224 + 4376 = z + 3*h, -5*h = -20. Calculate the highest common factor of 115 and z.
115
Suppose -p = p - 84. Let n(z) = 399*z - 45507. Let y be n(115). Calculate the highest common factor of p and y.
42
Suppose -1 = 2*y + 3, -3*f + 3*y = 399. Let m be (2/(-2))/(15/f). Suppose 216 = 4*d - d. What is the highest common divisor of m and d?
9
Let w = 55 + -93. Let p = -33 - w. Suppose -4*a + 151 = p*d, 4*d = d + 3*a + 69. Calculate the highest common divisor of d and 3.
3
Suppose -129*a + 29361 = -0*a + 465. Calculate the highest common divisor of 805 and a.
7
Suppose 4*t = 4*x + 272, 3*t + 44*x - 48*x = 204. What is the greatest common divisor of t and 14076?
68
Let n = 32 + -31. Suppose -n = -t + 37. Suppose -6*f + 2*f = 3*l - 14, -t = -3*l + 2*f. Calculate the greatest common factor of l and 15.
5
Suppose 86*o - 295 - 3006 = 2891. What is the highest common factor of 11736 and o?
72
Suppose -3*x + 55 = 27*h - 23*h, -2*h - 6*x = -50. Let g = 325 - 230. What is the highest common divisor of g and h?
5
Suppose 14*q - 2*q = 3720. Let u(x) = 7*x**2 + 46*x + 10. Let h be u(-7). Calculate the highest common divisor of h and q.
31
Let i be 5/2*(-3 + 5). Suppose 0 + 5 = i*d. Suppose 52*c + 24*c + 98 = 326. Calculate the greatest common divisor of c and d.
1
Let z = -290 - -305. Suppose -z*f = 11*f - 1430. Calculate the greatest common factor of f and 99.
11
Let z be (-5 + 4)/((-3)/18). Let k = 1416 - 1320. What is the highest common divisor of k and z?
6
Let k(g) = 4306*g + 1715. Let z be k(4). What is the highest common factor of z and 642?
321
Let u = -27 - -72. Suppose -165 = -2*o - u. What is the highest common divisor of 30 and o?
30
Suppose 7*r - 4*r = 138. Let p(c) = c**3 + 8*c**2 + 6*c - 2. Let i be p(-7). Suppose i*a + 253 = 16*a. What is the highest common factor of a and r?
23
Let p = 5924 + -5649. Calculate the highest common divisor of p and 100.
25
Let l = 428 - 888. Let p = l - -890. What is the greatest common divisor of 10 and p?
10
Suppose -2*c + 42 = c. Let u(m) be the first derivative of -4*m**2 - 18*m - 21. Let g be u(-4). Calculate the highest common divisor of g and c.
14
Suppose 4*a - c = 62, -4*a + 65 + 1 = -3*c. Let n(f) = 18*f**2 - 2*f + 13. Let i be n(3). Let h = 174 - i. What is the greatest common factor of h and a?
5
Let j = -6776 + 6783. What is the greatest common divisor of 4501 and j?
7
Suppose u + 11*b - 9023 = 0, 104*b = -4*u + 100*b + 35812. Calculate the highest common divisor of 36 and u.
18
Let u be 7/(49/(-1736))*-4. Let d = -318 + 334. What is the greatest common divisor of u and d?
16
Suppose 14 - 8 = d. Let m be 27 + d + -6 - 0. What is the greatest common factor of 189 and m?
27
Suppose 5*v - 968 = -2*j, -3*j = 4*v + 544 - 2010. Calculate the highest common divisor of 57 and j.
19
Suppose -2*p + 2*a = -6, 4*a = -0*p + p - 15. Let l be -5 - 59/p*-2. Let k be (0 + -1)*l/3. What is the greatest common factor of k and 451?
41
Suppose -3*x + 3*z + 347 = z, -2*z + 218 = 2*x. Let g = -82 + x. What is the highest common divisor of 341 and g?
31
Let p be (242/14 - -2) + (-12)/42. Let i be (3 - p/1)*-7 - 2. Suppose -8*h + 34 = -i. What is the highest common factor of 126 and h?
18
Let p(h) = 3*h**2 - 1. Let o be p(3). Let w(m) = -159*m + 39. Let j be w(0). Calculate the greatest common factor of o and j.
13
Let a(u) = 2*u**2 - 4*u. Let c be a(13). Suppose -975 = -291*n + c*n. What is the highest common factor of 39 and n?
39
Let r = 444 + -396. Suppose 18*t - 21*t = -2*z + 97, -2*z + 4*t = -92. Calculate the greatest common divisor of z and r.
8
Let w(d) = 132*d - 369. Let c be w(3). What is the highest common divisor of 873 and c?
9
Suppose -4*j + 11 = -3*q - 7, -5 = j + 4*q. Let t be (j - -2)/5 + 87. What is the greatest common divisor of t and 16?
8
Let u be ((-2)/(-10))/(2/790) - (1 - 3). Calculate the highest common divisor of u and 387.
9
Let k(h) = -h**3 - 5*h**2 + 11*h + 11. Let n be k(-8). Suppose 47*q + 253 = 108*q - 50*q. Calculate the greatest common factor of q and n.
23
Let l(o) = -5*o**3 - 7*o**2 - 31*o - 195. Let w be l(-6). Calculate the highest common divisor of 18 and w.
9
Let q(h) = -107*h - 815. Let k be q(-8). Suppose -4*c - 2*t + 980 = 0, -c + 3*t + t + 254 = 0. What is the greatest common factor of k and c?
41
Let m be (-3 - (1 - 18))*-1*(-68)/8. What is the greatest common factor of m and 133?
7
Suppose 0 = 47*i + 333173 - 333737. Let q = -163 - -229. Calculate the greatest common factor of i and q.
6
Suppose -3*z = 24, 2*z + 327 = 4*l + 71. Suppose 6*m - m - 55 = -t, 2*t + 34 = 2*m. What is the highest common divisor of m and l?
12
Suppose -5*w - 21 = -5*i - 1, 3*i - 20 = 5*w. Let o be (-7)/28*29*w. Calculate the greatest common factor of 29 and o.
29
Suppose 0 = -53*l + 56*l - 12. Suppose l*v + 81 - 13 = 0. Let a be v - -18 - (1/1 + -2). Calculate the greatest common factor of a and 4.
2
Let u = -7 + 15. Let s = -796 - -788. Let i(a) = -23*a - 152. Let w be i(s). What is the highest common factor of w and u?
8
Let a be ((-1239)/(-42))/((-16)/(-1856)). What is the greatest common factor of 177 and a?
59
Let s = 267 - 349. Let u = -109 + 33. Let b = u - s. What is the greatest common divisor of 66 and b?
6
Let j(q) = 2*q + 14. Let n be j(-8). Let w(m) = -20*m - 10 - 22*m - 7*m + 10*m. Let g be w(n). What is the highest common factor of 34 and g?
34
Let z = -74 - -100. Suppose 154 - 6 = 4*a + 2*r, a - z = 5*r. Calculate the highest common factor of a and 156.
12
Let r(o) = o**2 - 4*o + 2. Let q be r(4). Let k(a) = a**3 - 52*a**2 + 421*a - 28. Let s be k(42). What is the greatest common factor of q and s?
2
Let k(l) = -l**3 - 4*l**2 + l + 11. Let d be k(-6). Suppose -3*o - 44 = -d. Let p = 7 + 4. What is the highest common factor of p and o?
11
Let b(s) = -s + 9. Let c be b(5). Suppose -c*n + 2*h + 8 = -2*h, -h - 14 = 5*n. Let m be (2 - 3)/(n/20). Calculate the greatest common divisor of 15 and m.
5
Suppose 9*a - 5*a = -5*j + 156, 5*a - 5*j - 150 = 0. Suppose -31*k = -a*k + 1824. Calculate the greatest common factor of k and 38.
38
Let x be (-2)/6 - 9350/(-33). Let w be x + 1/(2/(-14)). What is the greatest common divisor of w and 6?
6
Suppose 14*x = 35*x - 2163. What is the greatest common divisor of 6592 and x?
103
Let k = -716 - -721. Let x(u) = -39*u + 5. Let y(n) = -19*n + 3. Let j(v) = 2*x(v) - 5*y(v). Let f be j(k). Calculate the highest common factor of 16 and f.
16
Suppose -281200 = -93*t + 19*t. Calculate the highest common divisor of 440 and t.
40
Let q be 1/(39/(-494))*(-2 + -1). What is the highest common divisor of 4560 and q?
38
Let i be 1654/22 - 38/209. Let z be 5*(-9)/((-72)/160). Calculate the highest common divisor of z and i.
25
Suppose -12*p + 459 = -465. Let k = p + -74. Suppose l = 5*c + 6, -3*l - k*c = -5*c - 57. What is the highest common divisor of 14 and l?
7
Suppose -4 = 2*x, -w + x - 3*x + 23 = 0. Let b be 14/21 - 156/(-9). What is the highest common divisor of b and w?
9
Let d(x) = 14*x - 42. Let o be d(3). Suppose o = 3*j - 217 - 113. Suppose -26 = -4*n + 14. What is the highest common factor of j and n?
10
Let q(h) = 329*h + 5268. Let a be q(-16). Calculate the greatest common factor of a and 2120.
4
Let j(s) = -12*s + 36. Let y be (-685)/(-20) + (2 + 1)/(-12). Let l = y + -47. Let a be j(l). What is the highest common divisor of 12 and a?
12
Let y(q) = -46*q - 2058. Let s be y(-53). Calculate the greatest common factor of s and 665.
95
Suppose 4*j = -0*j - 444. Suppose -633 = -13*d + 1954. Let i = d + j. What is the greatest common divisor of i and 22?
22
Suppose 3*d - 7 - 1 = -4*s, 5*d + 2*s - 4 = 0. Let i be (-8)/((-3)/78 + d). Calculate the highest common factor of 26 and i.